r when 24411082 is divided by 24411020?
62
What is the remainder when 10389953 is divided by 4123?
4116
What is the remainder when 469513770 is divided by 26?
24
Calculate the remainder when 32988896 is divided by 46.
42
What is the remainder when 30372 is divided by 2179?
2045
What is the remainder when 574653 is divided by 4164?
21
What is the remainder when 8998298 is divided by 20?
18
Calculate the remainder when 73675 is divided by 72335.
1340
What is the remainder when 8006566 is divided by 1486?
1484
Calculate the remainder when 432494 is divided by 5406.
14
Calculate the remainder when 16768013 is divided by 46838.
9
What is the remainder when 4298873 is divided by 50?
23
Calculate the remainder when 27019 is divided by 1603.
1371
Calculate the remainder when 33016 is divided by 3635.
301
What is the remainder when 969767 is divided by 107739?
116
What is the remainder when 855803 is divided by 50336?
91
What is the remainder when 30928 is divided by 4403?
107
What is the remainder when 38783253 is divided by 744?
21
What is the remainder when 483545 is divided by 157218?
11891
What is the remainder when 1031774 is divided by 1425?
74
Calculate the remainder when 224818 is divided by 223.
34
What is the remainder when 185080697 is divided by 4521?
4520
Calculate the remainder when 53950 is divided by 5867.
1147
What is the remainder when 2090776 is divided by 197?
15
What is the remainder when 4568805 is divided by 1522883?
156
Calculate the remainder when 13622 is divided by 1710.
1652
What is the remainder when 6632268 is divided by 116?
84
What is the remainder when 797578 is divided by 746?
104
Calculate the remainder when 10232 is divided by 3067.
1031
What is the remainder when 36406022 is divided by 8526?
2
Calculate the remainder when 1649501 is divided by 826.
805
What is the remainder when 2635452 is divided by 2635143?
309
What is the remainder when 23195 is divided by 10605?
1985
Calculate the remainder when 291288 is divided by 1557.
129
Calculate the remainder when 22684 is divided by 10748.
1188
Calculate the remainder when 11486505 is divided by 11486499.
6
Calculate the remainder when 4664886 is divided by 1240.
6
Calculate the remainder when 2007136 is divided by 2007004.
132
Calculate the remainder when 133810 is divided by 66538.
734
What is the remainder when 598743 is divided by 331?
295
What is the remainder when 3360635 is divided by 4393?
4383
What is the remainder when 8795474 is divided by 652?
646
Calculate the remainder when 60364 is divided by 4599.
577
Calculate the remainder when 7801047 is divided by 30.
27
What is the remainder when 259793 is divided by 129893?
7
Calculate the remainder when 406599 is divided by 1163.
712
Calculate the remainder when 416637571 is divided by 533.
532
What is the remainder when 54336 is divided by 164?
52
Calculate the remainder when 229811 is divided by 78.
23
Calculate the remainder when 1298234 is divided by 649104.
26
What is the remainder when 1011734 is divided by 1398?
980
Calculate the remainder when 1853232 is divided by 1852625.
607
Calculate the remainder when 3925247 is divided by 811.
7
Calculate the remainder when 77604035 is divided by 285.
245
Calculate the remainder when 1130127 is divided by 41.
3
What is the remainder when 4744743 is divided by 84727?
31
What is the remainder when 2550520 is divided by 802?
160
Calculate the remainder when 7758210 is divided by 199.
195
Calculate the remainder when 4653756 is divided by 122467.
10
What is the remainder when 672915706 is divided by 2182?
2180
What is the remainder when 9437439 is divided by 4633?
18
What is the remainder when 547197 is divided by 55?
2
Calculate the remainder when 994098 is divided by 994067.
31
What is the remainder when 755813 is divided by 58?
15
Calculate the remainder when 551569 is divided by 74.
47
Calculate the remainder when 1856921 is divided by 46.
39
What is the remainder when 18666 is divided by 1167?
1161
What is the remainder when 96864 is divided by 16106?
228
What is the remainder when 20937 is divided by 6645?
1002
What is the remainder when 6020 is divided by 1878?
386
What is the remainder when 8893106 is divided by 1141?
152
Calculate the remainder when 284979 is divided by 1638.
1605
Calculate the remainder when 33164050 is divided by 154.
150
What is the remainder when 11922 is divided by 1646?
400
Calculate the remainder when 18252358 is divided by 8.
6
Calculate the remainder when 267015 is divided by 49.
14
What is the remainder when 1887767 is divided by 111045?
2
Calculate the remainder when 6813362 is divided by 1362671.
7
What is the remainder when 1722804 is divided by 37?
10
What is the remainder when 1686116 is divided by 3072?
2660
Calculate the remainder when 328598 is divided by 1889.
1801
Calculate the remainder when 366844 is divided by 1816.
12
What is the remainder when 35150 is divided by 320?
270
What is the remainder when 32505 is divided by 15475?
1555
Calculate the remainder when 1324 is divided by 50.
24
Calculate the remainder when 1094249 is divided by 4959.
3269
Calculate the remainder when 4235050 is divided by 264690.
10
Calculate the remainder when 8708349 is divided by 278.
277
What is the remainder when 39566448 is divided by 395?
88
Calculate the remainder when 975991 is divided by 5978.
1577
What is the remainder when 4394197 is divided by 348?
1
What is the remainder when 568165 is divided by 1676?
1
What is the remainder when 919689 is divided by 2164?
2153
Calculate the remainder when 7334781 is divided by 12.
9
Calculate the remainder when 1833951 is divided by 427.
413
Calculate the remainder when 529371 is divided by 4201.
45
What is the remainder when 168937821 is divided by 17?
15
Calculate the remainder when 6400597 is divided by 221.
216
What is the remainder when 25189298 is divided by 834?
830
What is the remainder when 205308 is divided by 68345?
273
What is the remainder when 6005552 is divided by 14612?
20
Calculate the remainder when 44439 is divided by 146.
55
What is the remainder when 660455 is divided by 330195?
65
Calculate the remainder when 8054302 is divided by 12185.
17
What is the remainder when 96843 is divided by 32248?
99
Calculate the remainder when 37090 is divided by 312.
274
What is the remainder when 18003972 is divided by 4500993?
0
Calculate the remainder when 38272 is divided by 608.
576
Calculate the remainder when 229849769 is divided by 566.
565
What is the remainder when 3243735 is divided by 3128?
3127
What is the remainder when 65477 is divided by 805?
272
Calculate the remainder when 234913 is divided by 568.
329
Calculate the remainder when 532581 is divided by 194.
51
What is the remainder when 1360185 is divided by 228?
165
Calculate the remainder when 593722 is divided by 507.
25
Calculate the remainder when 865186 is divided by 700.
686
Calculate the remainder when 191373 is divided by 17389.
94
What is the remainder when 157553 is divided by 21286?
8551
What is the remainder when 849269 is divided by 228?
197
Calculate the remainder when 430838 is divided by 1254.
716
What is the remainder when 5265011 is divided by 4500?
11
What is the remainder when 1186299602 is divided by 23?
13
Calculate the remainder when 124921625 is divided by 343.
339
What is the remainder when 229219 is divided by 569?
481
What is the remainder when 840835 is divided by 7507?
51
Calculate the remainder when 146783 is divided by 39.
26
Calculate the remainder when 135151 is divided by 92.
3
Calculate the remainder when 23436478 is divided by 948.
22
What is the remainder when 1164493 is divided by 6063?
397
What is the remainder when 546997442 is divided by 2293?
2292
Calculate the remainder when 271614616 is divided by 834.
832
Calculate the remainder when 2301483 is divided by 989.
80
What is the remainder when 4763506 is divided by 198?
22
What is the remainder when 3543931 is divided by 145?
131
Calculate the remainder when 2104573 is divided by 2163.
2137
What is the remainder when 9881585 is divided by 78?
77
What is the remainder when 9720244 is divided by 333?
307
Calculate the remainder when 10357198 is divided by 56.
54
Calculate the remainder when 296177 is divided by 19417.
4922
Calculate t